0).
-7
Let v(h) = -h**3 + 13*h**2 + 13*h - 17. What is v(14)?
-31
Let i(w) = 5*w - 110. Give i(21).
-5
Let z(m) = -m**3 + m - 17. Determine z(0).
-17
Let t(g) = 12*g + 32. What is t(-3)?
-4
Let s(g) = 15*g - 148. Determine s(10).
2
Let m(y) = y**3 + 22*y**2 + 22*y + 18. What is m(-21)?
-3
Let z(b) = -b**3 + 7*b**2 - b + 62. What is z(8)?
-10
Let g(w) = w**3 + w**2 + 4*w + 80. What is g(0)?
80
Let r(u) = -4*u + 22. Calculate r(5).
2
Let l(v) = v**3 + 8*v**2 + 7*v + 3. What is l(-7)?
3
Let h(y) = 3*y**2 + 9*y - 6. Determine h(-5).
24
Let l(g) = -3*g**2 - 93*g - 71. Give l(-30).
19
Let y(n) = -3*n - 20. What is y(-12)?
16
Let m(h) = h**2 + 3*h + 3. Determine m(-2).
1
Let c(b) = -6*b**2 + 4*b - 6. Determine c(0).
-6
Let h(n) = 3*n + 3. Determine h(-2).
-3
Let k(z) = 15*z - 46. Calculate k(3).
-1
Let c(l) = 176*l - 1062. Give c(6).
-6
Let h(s) = s**2 + 9*s + 25. Determine h(-10).
35
Let m(t) = 2*t**2 + 13*t + 6. Give m(-7).
13
Let s(y) = y**3 - 8*y**2 + 11*y + 3. Determine s(6).
-3
Let s(w) = 12*w - 1. Determine s(1).
11
Let d(h) = -61*h - 3. Give d(-2).
119
Let h(i) = i**3 + 5*i**2 - 6*i - 8. Calculate h(-6).
-8
Let g(k) = -k**2 - k. Determine g(-1).
0
Let d(x) = x**2 + 8*x - 2. Determine d(-6).
-14
Let c(l) = l**3 - 12*l**2 + 10*l - 3. What is c(11)?
-14
Let v(l) = l**2 + 17*l - 24. Give v(-17).
-24
Let r(b) = 2*b - 19. Calculate r(5).
-9
Let m(q) = -4*q. What is m(-8)?
32
Let x(b) = -b**2 - 7*b + 7. What is x(-6)?
13
Let q(p) = p - 7. Determine q(3).
-4
Let g(i) = i**3 + 61*i**2 + 56*i - 244. Determine g(-60).
-4
Let t(q) = 3*q**2 - q + 1. What is t(2)?
11
Let i(a) = -4*a + 44. Give i(19).
-32
Let x(q) = 7*q - 51. What is x(7)?
-2
Let x(d) = -2*d**3 - 28*d**2 + 27*d - 51. Give x(-15).
-6
Let r(a) = -a**3 - 2*a**2 + 4*a + 3. Determine r(-2).
-5
Let f(x) = 104*x - 415. Calculate f(4).
1
Let h(c) = 21*c - 2. What is h(-2)?
-44
Let t(r) = -r**3 + 7*r**2 + r + 6. Determine t(7).
13
Let o(w) = 4*w**2 - 9*w. Give o(-2).
34
Let p(n) = n**2 + 7*n + 5. What is p(-13)?
83
Let w(r) = r**2 - r - 2. Give w(3).
4
Let q(j) = -j + 1. What is q(-2)?
3
Let y(n) = n**3 + 7*n**2 - 8*n - 7. What is y(-8)?
-7
Let l(m) = m**3 + 5*m**2 + 2. What is l(-5)?
2
Let k(u) = -u**3 - 4*u**2 - 2*u + 2. Give k(-3).
-1
Let q(j) = -j**2 - 2*j + 6. Calculate q(5).
-29
Let c(r) = r - 19. What is c(32)?
13
Let x(h) = -2*h - 24. Give x(-12).
0
Let d(o) = 6*o**2 + 9*o + 11. What is d(-4)?
71
Let c(n) = 2*n**2 - 25*n + 8. Give c(10).
-42
Let k(o) = -o**3 - 5*o**2 - 4*o - 6. Determine k(-4).
-6
Let t(m) = -m**3 + 8*m**2 - 4*m + 3. Determine t(3).
36
Let x(y) = -y**2 + 14*y - 45. Calculate x(6).
3
Let i(b) = -15*b + 67. Determine i(9).
-68
Let o(x) = x**3 + 10*x**2 - 11*x - 5. What is o(-11)?
-5
Let n(o) = 25*o + 82. What is n(-3)?
7
Let m(q) = q**2 - 10*q - 1. What is m(5)?
-26
Let r(g) = g**2 + 74*g + 417. Give r(-6).
9
Let i(u) = u**3 + 3*u**2 - 3*u - 4. Calculate i(-3).
5
Let q(v) = v**2 + 7*v + 10. Give q(-2).
0
Let d(k) = -13*k - 110. Give d(-8).
-6
Let n(x) = -6*x - 21. Give n(-4).
3
Let z(l) = 5*l - 68. What is z(16)?
12
Let t(c) = c**2 + 15*c + 42. Determine t(-15).
42
Let v(f) = f**2 - 53. Calculate v(7).
-4
Let d(b) = b**3 - 5*b**2 - 5*b + 21. Determine d(5).
-4
Let a(c) = -2*c**3 + 26*c**2 - 23*c - 5. Determine a(12).
7
Let a(s) = 9*s + 73. Calculate a(-9).
-8
Let d(h) = h**2 + 53*h - 106. What is d(2)?
4
Let z(x) = 2*x**2 - 20*x + 3. Calculate z(11).
25
Let u(c) = c**2 - c - 3. Give u(-3).
9
Let m(r) = 6*r**2 - 1. Calculate m(1).
5
Let u(b) = b**3 + 10*b**2 + 18*b. Calculate u(-3).
9
Let o(k) = 102*k. Give o(1).
102
Let j(m) = -2*m**2 + 24*m + 3. Determine j(12).
3
Let d(g) = -g**2 + 5. Calculate d(6).
-31
Let k(h) = 2*h + 37. Give k(-19).
-1
Let q(w) = -w**2 + 4*w - 9. What is q(4)?
-9
Let i(w) = 3*w**2 - w - 8. Calculate i(4).
36
Let a(t) = 3*t - 22. Determine a(5).
-7
Let z(j) = j + 37. What is z(-5)?
32
Let w(z) = 3*z**3 - 11*z**2 - 5*z - 1. Determine w(4).
-5
Let y(i) = i**3 + i**2 + 5*i + 5. Calculate y(-2).
-9
Let g(k) = 5*k**3 + k**2 - 7*k + 2. Calculate g(2).
32
Let m(v) = -v**2 + 3*v - 4. Calculate m(0).
-4
Let d(p) = 20*p - 72. Calculate d(4).
8
Let s(y) = -y**2 - 8*y - 38. Determine s(-12).
-86
Let d(v) = v**2 + 5*v + 2. Calculate d(-1).
-2
Let w(u) = -3*u**2 - 13*u + 45. Calculate w(4).
-55
Let p(b) = -b**3 + 8*b**2 + 2*b - 7. Determine p(8).
9
Let h(y) = -y**2 - 3*y + 7. Give h(2).
-3
Let q(a) = a**3 + 3*a**2 + a - 1. Calculate q(-3).
-4
Let f(u) = 4*u - 20. What is f(7)?
8
Let c(z) = -z**3 - 9*z**2 - 7*z - 64. Determine c(-9).
-1
Let r(o) = -o**2 + 18*o - 68. Determine r(5).
-3
Let u(a) = 3*a**2 - 3*a + 1. Calculate u(3).
19
Let b(y) = y**3 - 7*y**2 + 3. Calculate b(7).
3
Let m(l) = 4*l + 5. Determine m(-6).
-19
Let t(h) = 7*h**2 + 4*h + 3. Calculate t(-2).
23
Let c(j) = 199*j + 391. Calculate c(-2).
-7
Let y(v) = -v + 13. Determine y(6).
7
Let l(r) = -r**3 + 3*r**2 - 18*r + 4. Determine l(4).
-84
Let b(w) = 5*w + 179. What is b(-37)?
-6
Let s(t) = -3*t + 12. Calculate s(9).
-15
Let m(r) = r**3 + 16*r**2 + 16*r - 9. Calculate m(-15).
-24
Let a(w) = -w**3 - 14*w**2 - w - 8. What is a(-14)?
6
Let h(k) = k**2 + 21*k - 29. Give h(-20).
-49
Let i(v) = -13*v**2 + 13*v + 12. Calculate i(-1).
-14
Let f(t) = 4*t + 4. What is f(-6)?
-20
Let b(v) = -v**3 - 10*v**2 - 5*v - 1. What is b(-10)?
49
Let k(f) = 3*f**2 - 16*f. Calculate k(5).
-5
Let r(j) = -6*j - 110. What is r(-20)?
10
Let w(a) = -101*a + 172. Calculate w(2).
-30
Let f(l) = 2*l**2 + 2*l + 4. Calculate f(-3).
16
Let a(g) = 10*g**3 + 4*g**2 - 2*g - 1. Give a(2).
91
Let j(y) = y**3 - 9*y**2 - 14*y + 9. Determine j(10).
-31
Let g(m) = -2*m**3 - 13*m**2 - 4*m + 4. Give g(-6).
-8
Let h(t) = t**2 - 6*t + 8. Give h(5).
3
Let y(b) = -b - 20. What is y(-12)?
-8
Let w(s) = 2*s**2 - 2*s - 8. What is w(-4)?
32
Let c(x) = 16*x**2 + 175*x - 13. Give c(-11).
-2
Let i(b) = -b**3 + 12*b**2 + 12*b + 6. What is i(13)?
-7
Let q(f) = f**3 - f**2 + 4*f - 7. What is q(5)?
113
Let f(m) = m**2 + 7*m + 14. Calculate f(-10).
44
Let y(j) = 2*j**3 - j**2 - 3*j + 4. Determine y(2).
10
Let t(q) = q**3 - 5*q**2 - 2*q + 3. Calculate t(3).
-21
Let x(u) = 8*u - 110. Calculate x(13).
-6
Let f(s) = -s**2 + 11*s - 23. Determine f(8).
1
Let v(k) = -k**3 + 8*k**2 + 4*k - 26. Determine v(7).
51
Let d(u) = u**2 - u - 8. Give d(-5).
22
Let b(m) = -62*m + 182. What is b(3)?
-4
Let p(m) = m**2 - 2*m + 1. What is p(1)?
0
Let r(q) = q**3 - 14*q**2 - 14*q - 7. Calculate r(15).
8
Let r(v) = -3*v - 32. Give r(-6).
-14
Let a(b) = 195*b + 1175. Determine a(-6).
5
Let s(n) = -n**3 - 19*n**2 - 48*n - 12. What is s(-16)?
-12
Let n(i) = 29*i - 18. Give n(-4).
-134
Let j(c) = 53*c - 583. Calculate j(11).
0
Let f(p) = p**3 + 10*p**2 - p - 11. What is f(-10)?
-1
Let r(l) = l**3 - 8*l**2 + l - 4. Calculate r(9).
86
Let i(k) = -k**2 + 14*k - 7. Calculate i(14).
-7
Let f(i) = -i + 2. What is f(1)?
1
Let k(o) = -11*o + 4. What is k(2)?
-18
Let x(n) = n**3 + 9*n**2 + 4*n - 7. Give x(-8).
25
Let y(b) = -b**2 + 10*b - 15. Calculate y(7).
6
Let d(m) = m**3 + 8*m**2 + 8*m + 7. Give d(-4).
39
Let u(s) = s**3 + 10*s**2 + 2*s + 15. Determine u(-10).
-5
Let u(p) = 6*p + 4. Calculate u(7).
46
Let f(w) = 3*w**2 - 24*w + 51. What is f(7)?
30
Let y(n) = -n**3 - 5*n**2 - n + 6. Determine y(-3).
-9
Let r(y) = -2*y**3 + 12*y**2 + 13*y + 5. What is r(7)?
-2
Let j(c) = -162*c + 648. Give j(4).
0
Let u(z) = z**3 + 10*z**2 - 12*z - 4. What is u(-11)?
7
Let r(m) = 12*m + 642. Determine r(-53).
6
Let a(b) = b**3 + 5*b**2 - 9*b - 29. Determine a(-6).
-11
Let u(i) = i**3 - 6*i**2 + 5*i. Give u(5).
0
Let l(y) = -y**3 - 8*y**2 + 3*y + 19. What is l(-8)?
-5
Let i(u) = -u**2 - 13*u - 30. Determine i(-7).
12
Let k(r) = -r - 20. Determine k(-21).
1
Let i(g) = -2*g**3 - 14*g**2 - 11*g - 4. Give i(-6).
-10
Let c(g) = g**2 - 14*g + 45. Give c(9).
0
Let c(p) = -p**3 - 13*p**2 - 14*p + 2. What is c(-12)?
26
Let z(s) = s**2 - 3*s - 23. Determine z(7).
5
Let f(n) = 2*n**2 + 3*n + 1. Give f(-3).
10
Let c(v) = v**3 - 6*v**2 + 4*v. Determine c(5).
-5
Let x(a) = -a**2 - 15*a - 16. What is x(-13)?
10
Let f(j) = -j**2 - j + 40. Calculate f(0).
40
Let g(s) = s**2 - 14*s - 21. Calculate g(15).
-6
Let g(z) = -2*z + 7. Give g(6).
-5
Let a(b) = -b**3 + 26*b**2 - 120*b + 6. Determine a(20).
6
Let i(k) = -k**3 + 4*k**2 